{"id":279,"date":"2024-08-29T13:37:28","date_gmt":"2024-08-29T13:37:28","guid":{"rendered":"https:\/\/www.colegioalca.com\/index.php\/blog-5\/"},"modified":"2024-09-03T13:42:50","modified_gmt":"2024-09-03T13:42:50","slug":"blog-5","status":"publish","type":"page","link":"https:\/\/www.colegioalca.com\/index.php\/blog-5\/","title":{"rendered":"Tabl\u00f3n de Anuncios"},"content":{"rendered":"<style>.elementor-279 .elementor-element.elementor-element-35a89274 > .elementor-container{max-width:1290px;}.elementor-279 .elementor-element.elementor-element-35a89274 > .elementor-container > .elementor-column > .elementor-widget-wrap{align-content:center;align-items:center;}.elementor-279 .elementor-element.elementor-element-35a89274:not(.elementor-motion-effects-element-type-background), .elementor-279 .elementor-element.elementor-element-35a89274 > .elementor-motion-effects-container > .elementor-motion-effects-layer{background-image:url(\"https:\/\/www.colegioalca.com\/wp-content\/uploads\/2024\/08\/young-woman-with-curly-hair-in-library-among-shelv-2023-02-21-19-44-57-utc.jpg\");background-position:0px 40%;background-repeat:no-repeat;background-size:cover;}.elementor-279 .elementor-element.elementor-element-35a89274 > .elementor-background-overlay{background-color:#010035;background-image:url(\"https:\/\/www.colegioalca.com\/wp-content\/uploads\/2024\/08\/Background-arizon.png\");background-position:center center;background-repeat:no-repeat;background-size:contain;opacity:0.5;transition:background 0.3s, border-radius 0.3s, opacity 0.3s;}.elementor-279 .elementor-element.elementor-element-35a89274{transition:background 0.3s, border 0.3s, border-radius 0.3s, box-shadow 0.3s;margin-top:-150px;margin-bottom:0px;padding:320px 0px 80px 0px;}.elementor-279 .elementor-element.elementor-element-40d511e4 > .elementor-element-populated{transition:background 0.3s, border 0.3s, border-radius 0.3s, box-shadow 0.3s;}.elementor-279 .elementor-element.elementor-element-40d511e4 > .elementor-element-populated > .elementor-background-overlay{transition:background 0.3s, border-radius 0.3s, opacity 0.3s;}.elementor-279 .elementor-element.elementor-element-499979e2 .elementor-heading-title{font-family:var( --e-global-typography-d188700-font-family ), Sans-serif;font-size:var( --e-global-typography-d188700-font-size );font-weight:var( --e-global-typography-d188700-font-weight );text-transform:var( --e-global-typography-d188700-text-transform );line-height:var( --e-global-typography-d188700-line-height );letter-spacing:var( --e-global-typography-d188700-letter-spacing );word-spacing:var( --e-global-typography-d188700-word-spacing );color:#FFFFFF;}.elementor-279 .elementor-element.elementor-element-5e940018{text-align:start;}.elementor-279 .elementor-element.elementor-element-5e940018 .elementor-heading-title{font-family:var( --e-global-typography-edf519d-font-family ), Sans-serif;font-size:var( --e-global-typography-edf519d-font-size );font-weight:var( --e-global-typography-edf519d-font-weight );text-transform:var( --e-global-typography-edf519d-text-transform );line-height:var( --e-global-typography-edf519d-line-height );letter-spacing:var( --e-global-typography-edf519d-letter-spacing );word-spacing:var( --e-global-typography-edf519d-word-spacing );color:#FFFFFF;}.elementor-279 .elementor-element.elementor-element-5e940018 > .elementor-widget-container{margin:-15px 0px -15px 0px;}.elementor-279 .elementor-element.elementor-element-2de067e9 > .elementor-container{max-width:1290px;}.elementor-279 .elementor-element.elementor-element-2de067e9{padding:100px 0px 100px 0px;}@media(max-width:1024px) and (min-width:768px){.elementor-279 .elementor-element.elementor-element-40d511e4{width:100%;}}@media(max-width:1024px){.elementor-279 .elementor-element.elementor-element-35a89274:not(.elementor-motion-effects-element-type-background), .elementor-279 .elementor-element.elementor-element-35a89274 > .elementor-motion-effects-container > .elementor-motion-effects-layer{background-position:0px 0px;}.elementor-279 .elementor-element.elementor-element-35a89274{margin-top:-140px;margin-bottom:0px;padding:35% 0% 5% 0%;}.elementor-279 .elementor-element.elementor-element-40d511e4 > .elementor-element-populated{margin:0px 10px 0px 10px;--e-column-margin-right:10px;--e-column-margin-left:10px;}.elementor-279 .elementor-element.elementor-element-499979e2 .elementor-heading-title{font-size:var( --e-global-typography-d188700-font-size );line-height:var( --e-global-typography-d188700-line-height );letter-spacing:var( --e-global-typography-d188700-letter-spacing );word-spacing:var( --e-global-typography-d188700-word-spacing );}.elementor-279 .elementor-element.elementor-element-5e940018 .elementor-heading-title{font-size:var( --e-global-typography-edf519d-font-size );line-height:var( --e-global-typography-edf519d-line-height );letter-spacing:var( --e-global-typography-edf519d-letter-spacing );word-spacing:var( --e-global-typography-edf519d-word-spacing );}.elementor-279 .elementor-element.elementor-element-2de067e9{padding:80px 0px 80px 0px;}}@media(max-width:767px){.elementor-279 .elementor-element.elementor-element-35a89274:not(.elementor-motion-effects-element-type-background), .elementor-279 .elementor-element.elementor-element-35a89274 > .elementor-motion-effects-container > .elementor-motion-effects-layer{background-position:0px 0px;}.elementor-279 .elementor-element.elementor-element-35a89274{margin-top:-80px;margin-bottom:0px;padding:50% 0% 10% 0%;}.elementor-279 .elementor-element.elementor-element-40d511e4 > .elementor-element-populated{margin:0px 5px 0px 5px;--e-column-margin-right:5px;--e-column-margin-left:5px;}.elementor-279 .elementor-element.elementor-element-499979e2 .elementor-heading-title{font-size:var( --e-global-typography-d188700-font-size );line-height:var( --e-global-typography-d188700-line-height );letter-spacing:var( --e-global-typography-d188700-letter-spacing );word-spacing:var( --e-global-typography-d188700-word-spacing );}.elementor-279 .elementor-element.elementor-element-5e940018{text-align:start;}.elementor-279 .elementor-element.elementor-element-5e940018 .elementor-heading-title{font-size:var( --e-global-typography-edf519d-font-size );line-height:var( --e-global-typography-edf519d-line-height );letter-spacing:var( --e-global-typography-edf519d-letter-spacing );word-spacing:var( --e-global-typography-edf519d-word-spacing );}.elementor-279 .elementor-element.elementor-element-2de067e9{padding:50px 0px 50px 0px;}}<\/style>\t\t<div data-elementor-type=\"wp-page\" data-elementor-id=\"279\" class=\"elementor elementor-279\" data-elementor-post-type=\"page\">\n\t\t\t\t\t\t<section class=\"elementor-section elementor-top-section elementor-element elementor-element-35a89274 elementor-section-content-middle elementor-section-boxed elementor-section-height-default elementor-section-height-default\" data-id=\"35a89274\" data-element_type=\"section\" data-e-type=\"section\" data-settings=\"{&quot;background_background&quot;:&quot;classic&quot;}\">\n\t\t\t\t\t\t\t<div class=\"elementor-background-overlay\"><\/div>\n\t\t\t\t\t\t\t<div class=\"elementor-container elementor-column-gap-default\">\n\t\t\t\t\t<div class=\"elementor-column elementor-col-100 elementor-top-column elementor-element elementor-element-40d511e4\" data-id=\"40d511e4\" data-element_type=\"column\" data-e-type=\"column\" data-settings=\"{&quot;background_background&quot;:&quot;classic&quot;}\">\n\t\t\t<div class=\"elementor-widget-wrap elementor-element-populated\">\n\t\t\t\t\t\t<div class=\"elementor-element elementor-element-499979e2 elementor-widget elementor-widget-heading\" data-id=\"499979e2\" data-element_type=\"widget\" data-e-type=\"widget\" data-widget_type=\"heading.default\">\n\t\t\t\t<div class=\"elementor-widget-container\">\n\t\t\t\t\t<h2 class=\"elementor-heading-title elementor-size-default\">updated blog<\/h2>\t\t\t\t<\/div>\n\t\t\t\t<\/div>\n\t\t\t\t<div class=\"elementor-element elementor-element-5e940018 elementor-widget elementor-widget-heading\" data-id=\"5e940018\" data-element_type=\"widget\" data-e-type=\"widget\" data-widget_type=\"heading.default\">\n\t\t\t\t<div class=\"elementor-widget-container\">\n\t\t\t\t\t<h2 class=\"elementor-heading-title elementor-size-default\">Tabl\u00f3n de anuncios<\/h2>\t\t\t\t<\/div>\n\t\t\t\t<\/div>\n\t\t\t\t\t<\/div>\n\t\t<\/div>\n\t\t\t\t\t<\/div>\n\t\t<\/section>\n\t\t\t\t<section class=\"elementor-section elementor-top-section elementor-element elementor-element-2de067e9 elementor-section-boxed elementor-section-height-default elementor-section-height-default\" data-id=\"2de067e9\" data-element_type=\"section\" data-e-type=\"section\">\n\t\t\t\t\t\t<div class=\"elementor-container elementor-column-gap-default\">\n\t\t\t\t\t<div class=\"elementor-column elementor-col-100 elementor-top-column elementor-element elementor-element-243f070\" data-id=\"243f070\" data-element_type=\"column\" data-e-type=\"column\">\n\t\t\t<div class=\"elementor-widget-wrap elementor-element-populated\">\n\t\t\t\t\t\t<div class=\"elementor-element elementor-element-c50d1bd elementor-widget elementor-widget-heading\" data-id=\"c50d1bd\" data-element_type=\"widget\" data-e-type=\"widget\" data-widget_type=\"heading.default\">\n\t\t\t\t<div class=\"elementor-widget-container\">\n\t\t\t\t\t<h2 class=\"elementor-heading-title elementor-size-default\">En esta secci\u00f3n, se publicar\u00e1 los anuncios, circulares ,notas ,viajes...<\/h2>\t\t\t\t<\/div>\n\t\t\t\t<\/div>\n\t\t\t\t\t<\/div>\n\t\t<\/div>\n\t\t\t\t\t<\/div>\n\t\t<\/section>\n\t\t\t\t<\/div>\n\t\t","protected":false},"excerpt":{"rendered":"<p>updated blog Tabl\u00f3n de anuncios En esta secci\u00f3n, se publicar\u00e1 los anuncios, circulares ,notas ,viajes&#8230;<\/p>\n","protected":false},"author":1,"featured_media":0,"parent":0,"menu_order":0,"comment_status":"closed","ping_status":"closed","template":"elementor_header_footer","meta":{"footnotes":""},"class_list":["post-279","page","type-page","status-publish","hentry"],"_links":{"self":[{"href":"https:\/\/www.colegioalca.com\/index.php\/wp-json\/wp\/v2\/pages\/279","targetHints":{"allow":["GET"]}}],"collection":[{"href":"https:\/\/www.colegioalca.com\/index.php\/wp-json\/wp\/v2\/pages"}],"about":[{"href":"https:\/\/www.colegioalca.com\/index.php\/wp-json\/wp\/v2\/types\/page"}],"author":[{"embeddable":true,"href":"https:\/\/www.colegioalca.com\/index.php\/wp-json\/wp\/v2\/users\/1"}],"replies":[{"embeddable":true,"href":"https:\/\/www.colegioalca.com\/index.php\/wp-json\/wp\/v2\/comments?post=279"}],"version-history":[{"count":18,"href":"https:\/\/www.colegioalca.com\/index.php\/wp-json\/wp\/v2\/pages\/279\/revisions"}],"predecessor-version":[{"id":816,"href":"https:\/\/www.colegioalca.com\/index.php\/wp-json\/wp\/v2\/pages\/279\/revisions\/816"}],"wp:attachment":[{"href":"https:\/\/www.colegioalca.com\/index.php\/wp-json\/wp\/v2\/media?parent=279"}],"curies":[{"name":"wp","href":"https:\/\/api.w.org\/{rel}","templated":true}]}}