{"id":282,"date":"2024-08-29T13:37:28","date_gmt":"2024-08-29T13:37:28","guid":{"rendered":"https:\/\/www.colegioalca.com\/index.php\/faq-5\/"},"modified":"2025-01-28T23:26:01","modified_gmt":"2025-01-28T23:26:01","slug":"faq-5","status":"publish","type":"page","link":"https:\/\/www.colegioalca.com\/index.php\/faq-5\/","title":{"rendered":"StemBach"},"content":{"rendered":"<style>.elementor-282 .elementor-element.elementor-element-13e95b6c > .elementor-container{max-width:1290px;}.elementor-282 .elementor-element.elementor-element-13e95b6c > .elementor-container > .elementor-column > .elementor-widget-wrap{align-content:center;align-items:center;}.elementor-282 .elementor-element.elementor-element-13e95b6c:not(.elementor-motion-effects-element-type-background), .elementor-282 .elementor-element.elementor-element-13e95b6c > .elementor-motion-effects-container > .elementor-motion-effects-layer{background-image:url(\"https:\/\/www.colegioalca.com\/wp-content\/uploads\/2025\/01\/BLF8715-scaled.jpg\");background-position:0px 25%;background-repeat:no-repeat;background-size:cover;}.elementor-282 .elementor-element.elementor-element-13e95b6c > .elementor-background-overlay{background-color:#010035;background-image:url(\"https:\/\/www.colegioalca.com\/wp-content\/uploads\/2024\/08\/Background-arizon.png\");background-position:center center;background-repeat:no-repeat;background-size:contain;opacity:0.5;transition:background 0.3s, border-radius 0.3s, opacity 0.3s;}.elementor-282 .elementor-element.elementor-element-13e95b6c{transition:background 0.3s, border 0.3s, border-radius 0.3s, box-shadow 0.3s;margin-top:-150px;margin-bottom:0px;padding:320px 0px 80px 0px;}.elementor-282 .elementor-element.elementor-element-2d953374 > .elementor-element-populated{transition:background 0.3s, border 0.3s, border-radius 0.3s, box-shadow 0.3s;}.elementor-282 .elementor-element.elementor-element-2d953374 > .elementor-element-populated > .elementor-background-overlay{transition:background 0.3s, border-radius 0.3s, opacity 0.3s;}.elementor-282 .elementor-element.elementor-element-42e65198{text-align:start;}.elementor-282 .elementor-element.elementor-element-42e65198 .elementor-heading-title{font-family:var( --e-global-typography-edf519d-font-family ), Sans-serif;font-size:var( --e-global-typography-edf519d-font-size );font-weight:var( --e-global-typography-edf519d-font-weight );text-transform:var( --e-global-typography-edf519d-text-transform );line-height:var( --e-global-typography-edf519d-line-height );letter-spacing:var( --e-global-typography-edf519d-letter-spacing );word-spacing:var( --e-global-typography-edf519d-word-spacing );color:#FFFFFF;}.elementor-282 .elementor-element.elementor-element-42e65198 > .elementor-widget-container{margin:-15px 0px -15px 0px;}.elementor-282 .elementor-element.elementor-element-ce3a583{--display:flex;}.elementor-282 .elementor-element.elementor-element-61d25d3{--display:flex;}@media(max-width:1024px) and (min-width:768px){.elementor-282 .elementor-element.elementor-element-2d953374{width:100%;}}@media(max-width:1024px){.elementor-282 .elementor-element.elementor-element-13e95b6c:not(.elementor-motion-effects-element-type-background), .elementor-282 .elementor-element.elementor-element-13e95b6c > .elementor-motion-effects-container > .elementor-motion-effects-layer{background-position:0px 0px;}.elementor-282 .elementor-element.elementor-element-13e95b6c{margin-top:-140px;margin-bottom:0px;padding:35% 0% 5% 0%;}.elementor-282 .elementor-element.elementor-element-2d953374 > .elementor-element-populated{margin:0px 10px 0px 10px;--e-column-margin-right:10px;--e-column-margin-left:10px;}.elementor-282 .elementor-element.elementor-element-42e65198 .elementor-heading-title{font-size:var( --e-global-typography-edf519d-font-size );line-height:var( --e-global-typography-edf519d-line-height );letter-spacing:var( --e-global-typography-edf519d-letter-spacing );word-spacing:var( --e-global-typography-edf519d-word-spacing );}}@media(max-width:767px){.elementor-282 .elementor-element.elementor-element-13e95b6c:not(.elementor-motion-effects-element-type-background), .elementor-282 .elementor-element.elementor-element-13e95b6c > .elementor-motion-effects-container > .elementor-motion-effects-layer{background-position:0px 0px;}.elementor-282 .elementor-element.elementor-element-13e95b6c{margin-top:-80px;margin-bottom:0px;padding:50% 0% 10% 0%;}.elementor-282 .elementor-element.elementor-element-2d953374 > .elementor-element-populated{margin:0px 5px 0px 5px;--e-column-margin-right:5px;--e-column-margin-left:5px;}.elementor-282 .elementor-element.elementor-element-42e65198{text-align:start;}.elementor-282 .elementor-element.elementor-element-42e65198 .elementor-heading-title{font-size:var( --e-global-typography-edf519d-font-size );line-height:var( --e-global-typography-edf519d-line-height );letter-spacing:var( --e-global-typography-edf519d-letter-spacing );word-spacing:var( --e-global-typography-edf519d-word-spacing );}}<\/style>\t\t<div data-elementor-type=\"wp-page\" data-elementor-id=\"282\" class=\"elementor elementor-282\" data-elementor-post-type=\"page\">\n\t\t\t\t\t\t<section class=\"elementor-section elementor-top-section elementor-element elementor-element-13e95b6c elementor-section-content-middle elementor-section-boxed elementor-section-height-default elementor-section-height-default\" data-id=\"13e95b6c\" data-element_type=\"section\" data-e-type=\"section\" data-settings=\"{&quot;background_background&quot;:&quot;classic&quot;}\">\n\t\t\t\t\t\t\t<div class=\"elementor-background-overlay\"><\/div>\n\t\t\t\t\t\t\t<div class=\"elementor-container elementor-column-gap-default\">\n\t\t\t\t\t<div class=\"elementor-column elementor-col-100 elementor-top-column elementor-element elementor-element-2d953374\" data-id=\"2d953374\" data-element_type=\"column\" data-e-type=\"column\" data-settings=\"{&quot;background_background&quot;:&quot;classic&quot;}\">\n\t\t\t<div class=\"elementor-widget-wrap elementor-element-populated\">\n\t\t\t\t\t\t<div class=\"elementor-element elementor-element-42e65198 elementor-widget elementor-widget-heading\" data-id=\"42e65198\" data-element_type=\"widget\" data-e-type=\"widget\" data-widget_type=\"heading.default\">\n\t\t\t\t<div class=\"elementor-widget-container\">\n\t\t\t\t\t<h2 class=\"elementor-heading-title elementor-size-default\">Stembach<\/h2>\t\t\t\t<\/div>\n\t\t\t\t<\/div>\n\t\t\t\t\t<\/div>\n\t\t<\/div>\n\t\t\t\t\t<\/div>\n\t\t<\/section>\n\t\t<div class=\"elementor-element elementor-element-ce3a583 e-flex e-con-boxed e-con e-parent\" data-id=\"ce3a583\" data-element_type=\"container\" data-e-type=\"container\">\n\t\t\t\t\t<div class=\"e-con-inner\">\n\t\t\t\t<div class=\"elementor-element elementor-element-e6602da elementor-widget elementor-widget-image\" data-id=\"e6602da\" data-element_type=\"widget\" data-e-type=\"widget\" data-widget_type=\"image.default\">\n\t\t\t\t<div class=\"elementor-widget-container\">\n\t\t\t\t\t\t\t\t\t\t\t\t\t\t\t<img fetchpriority=\"high\" decoding=\"async\" width=\"386\" height=\"131\" src=\"https:\/\/www.colegioalca.com\/wp-content\/uploads\/2024\/09\/stembach.jpg\" class=\"attachment-large size-large wp-image-740\" alt=\"\" srcset=\"https:\/\/www.colegioalca.com\/wp-content\/uploads\/2024\/09\/stembach.jpg 386w, https:\/\/www.colegioalca.com\/wp-content\/uploads\/2024\/09\/stembach-300x102.jpg 300w\" sizes=\"(max-width: 386px) 100vw, 386px\" \/>\t\t\t\t\t\t\t\t\t\t\t\t\t\t\t<\/div>\n\t\t\t\t<\/div>\n\t\t\t\t<div class=\"elementor-element elementor-element-0dd8d22 elementor-widget elementor-widget-heading\" data-id=\"0dd8d22\" data-element_type=\"widget\" data-e-type=\"widget\" data-widget_type=\"heading.default\">\n\t\t\t\t<div class=\"elementor-widget-container\">\n\t\t\t\t\t<h2 class=\"elementor-heading-title elementor-size-default\">Bachillerato de Excelencia STEMBACH - Curso 2024-2026<\/h2>\t\t\t\t<\/div>\n\t\t\t\t<\/div>\n\t\t\t\t\t<\/div>\n\t\t\t\t<\/div>\n\t\t<div class=\"elementor-element elementor-element-61d25d3 e-flex e-con-boxed e-con e-parent\" data-id=\"61d25d3\" data-element_type=\"container\" data-e-type=\"container\">\n\t\t\t\t\t<div class=\"e-con-inner\">\n\t\t\t\t<div class=\"elementor-element elementor-element-4fbc0c2 elementor-widget elementor-widget-text-editor\" data-id=\"4fbc0c2\" data-element_type=\"widget\" data-e-type=\"widget\" data-widget_type=\"text-editor.default\">\n\t\t\t\t<div class=\"elementor-widget-container\">\n\t\t\t\t\t\t\t\t\t<p>Nos complace anunciar que para los cursos 2024-2025 y 2025-2026, nuestro colegio ofrecer\u00e1 el prestigioso <strong>Bachillerato de Excelencia STEMBACH<\/strong>. Este programa est\u00e1 dise\u00f1ado para aquellos estudiantes que desean profundizar en las \u00e1reas STEM (Ciencias, Tecnolog\u00eda, Ingenier\u00eda y Matem\u00e1ticas), as\u00ed como en Ciencias Sociales, a trav\u00e9s de un enfoque acad\u00e9mico innovador y exigente.<\/p><p>Durante este bienio, cada \u00e1rea de conocimiento propondr\u00e1 un <strong>proyecto de investigaci\u00f3n<\/strong> que ser\u00e1 desarrollado por el alumnado a lo largo de los dos cursos. Estos proyectos estar\u00e1n respaldados por departamentos universitarios, lo que brindar\u00e1 a los estudiantes una experiencia de aprendizaje colaborativo y una formaci\u00f3n avanzada en su campo de inter\u00e9s.<\/p><p>El <strong>STEMBACH<\/strong> no solo fomenta la excelencia acad\u00e9mica, sino que tambi\u00e9n impulsa la creatividad, el pensamiento cr\u00edtico y el trabajo en equipo, preparando a los estudiantes para los retos del mundo universitario y profesional.<\/p>\t\t\t\t\t\t\t\t<\/div>\n\t\t\t\t<\/div>\n\t\t\t\t\t<\/div>\n\t\t\t\t<\/div>\n\t\t\t\t<\/div>\n\t\t","protected":false},"excerpt":{"rendered":"<p>Stembach Bachillerato de Excelencia STEMBACH &#8211; Curso 2024-2026 Nos complace anunciar que para los cursos 2024-2025 y 2025-2026, nuestro colegio ofrecer\u00e1 el prestigioso Bachillerato de Excelencia STEMBACH. Este programa est\u00e1 dise\u00f1ado para aquellos estudiantes que desean profundizar en las \u00e1reas STEM (Ciencias, Tecnolog\u00eda, Ingenier\u00eda y Matem\u00e1ticas), as\u00ed como en Ciencias Sociales, a trav\u00e9s de un [&hellip;]<\/p>\n","protected":false},"author":1,"featured_media":0,"parent":0,"menu_order":0,"comment_status":"closed","ping_status":"closed","template":"elementor_header_footer","meta":{"footnotes":""},"class_list":["post-282","page","type-page","status-publish","hentry"],"_links":{"self":[{"href":"https:\/\/www.colegioalca.com\/index.php\/wp-json\/wp\/v2\/pages\/282","targetHints":{"allow":["GET"]}}],"collection":[{"href":"https:\/\/www.colegioalca.com\/index.php\/wp-json\/wp\/v2\/pages"}],"about":[{"href":"https:\/\/www.colegioalca.com\/index.php\/wp-json\/wp\/v2\/types\/page"}],"author":[{"embeddable":true,"href":"https:\/\/www.colegioalca.com\/index.php\/wp-json\/wp\/v2\/users\/1"}],"replies":[{"embeddable":true,"href":"https:\/\/www.colegioalca.com\/index.php\/wp-json\/wp\/v2\/comments?post=282"}],"version-history":[{"count":11,"href":"https:\/\/www.colegioalca.com\/index.php\/wp-json\/wp\/v2\/pages\/282\/revisions"}],"predecessor-version":[{"id":1214,"href":"https:\/\/www.colegioalca.com\/index.php\/wp-json\/wp\/v2\/pages\/282\/revisions\/1214"}],"wp:attachment":[{"href":"https:\/\/www.colegioalca.com\/index.php\/wp-json\/wp\/v2\/media?parent=282"}],"curies":[{"name":"wp","href":"https:\/\/api.w.org\/{rel}","templated":true}]}}